{"id":336,"date":"2020-03-13T14:00:43","date_gmt":"2020-03-13T13:00:43","guid":{"rendered":"http:\/\/hausundgruen.de\/neu\/?page_id=336"},"modified":"2020-08-27T10:32:37","modified_gmt":"2020-08-27T08:32:37","slug":"gartenpflege","status":"publish","type":"page","link":"https:\/\/hausundgruen.de\/neu\/gartenpflege\/","title":{"rendered":"Gartenpflege"},"content":{"rendered":"<p>[et_pb_section fb_built=&#8220;1&#8243; admin_label=&#8220;Hero&#8220; _builder_version=&#8220;3.22&#8243; custom_padding=&#8220;0|0px|54px|0px|false|false&#8220; bottom_divider_height=&#8220;0px&#8220;][et_pb_row column_structure=&#8220;1_2,1_2&#8243; _builder_version=&#8220;3.25&#8243; width=&#8220;100%&#8220; max_width=&#8220;100%&#8220; min_height=&#8220;1291px&#8220; custom_margin=&#8220;|||&#8220; custom_margin_tablet=&#8220;||0px|&#8220; custom_margin_phone=&#8220;&#8220; custom_margin_last_edited=&#8220;on|desktop&#8220; custom_padding=&#8220;0|0px|0px|0px|false|false&#8220; use_custom_width=&#8220;on&#8220; width_unit=&#8220;off&#8220; custom_width_percent=&#8220;100%&#8220;][et_pb_column type=&#8220;1_2&#8243; _builder_version=&#8220;3.25&#8243; custom_padding=&#8220;6%||6%|12%&#8220; custom_padding_tablet=&#8220;50px|50px|50px|50px&#8220; custom_padding_phone=&#8220;&#8220; custom_padding_last_edited=&#8220;on|tablet&#8220; padding_tablet=&#8220;50px|50px|50px|50px&#8220; padding_last_edited=&#8220;on|tablet&#8220; custom_padding__hover=&#8220;|||&#8220;][et_pb_text _builder_version=&#8220;4.4.1&#8243; text_font=&#8220;Montserrat|300|||||||&#8220; text_text_color=&#8220;#677a92&#8243; text_font_size=&#8220;16px&#8220; text_line_height=&#8220;1.8em&#8220; header_font=&#8220;Montserrat||||||||&#8220; header_font_size=&#8220;50px&#8220; header_line_height=&#8220;1.3em&#8220; header_2_font=&#8220;||||||||&#8220; max_width=&#8220;600px&#8220; custom_margin=&#8220;|||&#8220; custom_margin_tablet=&#8220;0px|50px||50px&#8220; custom_margin_phone=&#8220;|20px||&#8220; custom_margin_last_edited=&#8220;off|desktop&#8220; custom_padding=&#8220;|||&#8220; text_line_height_tablet=&#8220;1.8em&#8220; text_line_height_phone=&#8220;1.8em&#8220; text_line_height_last_edited=&#8220;on|phone&#8220; header_font_size_tablet=&#8220;&#8220; header_font_size_phone=&#8220;36px&#8220; header_font_size_last_edited=&#8220;on|phone&#8220; header_2_font_size_phone=&#8220;30px&#8220; header_2_font_size_last_edited=&#8220;off|desktop&#8220; locked=&#8220;off&#8220;]<\/p>\n<h1>Gartenpflege<\/h1>\n<p>[\/et_pb_text][et_pb_text _builder_version=&#8220;4.4.6&#8243; text_font=&#8220;Montserrat|300|||||||&#8220; text_font_size=&#8220;16px&#8220; text_line_height=&#8220;2em&#8220; link_font=&#8220;||||||||&#8220; ul_font=&#8220;||||||||&#8220; ol_font=&#8220;||||||||&#8220; quote_font=&#8220;||||||||&#8220; header_font=&#8220;||||||||&#8220; header_2_font=&#8220;Montserrat|300|||||||&#8220; header_2_text_color=&#8220;#212d3b&#8220; header_2_font_size=&#8220;40px&#8220; header_2_line_height=&#8220;1.5em&#8220; max_width=&#8220;600px&#8220; custom_margin=&#8220;||10px|&#8220; custom_margin_tablet=&#8220;0px|50px||50px&#8220; custom_margin_last_edited=&#8220;off|desktop&#8220; custom_padding=&#8220;|||&#8220; hover_enabled=&#8220;0&#8243; locked=&#8220;off&#8220;]<\/p>\n<h5>Wir sind der Profi, wenn es um Ihren Garten, ihre Gr\u00fcnfl\u00e4che oder Ihren Park geht.<\/h5>\n<p>Wir sind das Dienstleistungsunternehmen im Bereich: <strong>Garten-<\/strong>\u00a0und\u00a0<strong>Landschaftsbau<\/strong>.<\/p>\n<ul>\n<li>Baumpflege und Schnitt<\/li>\n<li>Bepflanzungen<\/li>\n<li>Bew\u00e4sserung<\/li>\n<li>Entfernung von Wurzelst\u00fcmpfen, auch in kleinen G\u00e4rten<\/li>\n<li>F\u00e4ll- und Rodungsarbeiten, <em><strong>auch Gefahrenf\u00e4llungen!<\/strong><\/em><\/li>\n<li>Heckenschnitt<\/li>\n<li>Mulchen von Rabatten<\/li>\n<li>Naturstein Arbeiten<\/li>\n<li>Neuanlagen<\/li>\n<li>Obstbaumschnitt<\/li>\n<li>Rasenpflege<\/li>\n<li>Umgestaltung und Pflege von Anlagen<\/li>\n<li>Wege und Treppen<\/li>\n<li>Winterdienst und Urlaubsdienst<\/li>\n<\/ul>\n<ul>\n<li style=\"list-style-type: none;\">\n<ul>\n<li>F\u00fcr Sie verarbeiten wir Natursteine, Betonwerksteine, Trockenmauern, Pflaster, Holz, \u00a0sowie viele andere Werkstoffe die im\u00a0<strong>Garten<\/strong>\u00a0und Aussenbereich f\u00fcr ihr Zuhause geeignet sind.<\/li>\n<li>Treten Sie mit uns in Kontakt und wir werden auch Ihren\u00a0<strong>Garten<\/strong>\u00a0so gestalten, dass Sie wieder Freude an Ihrer Aussenanlage haben.<\/li>\n<li>Nach Terminabsprache werden wir vor Ort die M\u00f6glichkeiten einer Umgestaltung \u00fcberpr\u00fcfen und mit ihnen besprechen.<\/li>\n<li>Ein Angebot sowie die korrekte Auftragsabwicklung wird Sie von unserem Leistungsangebot \u00fcberzeugen. Wir freuen uns schon auf den Termin mit Ihnen !<\/li>\n<\/ul>\n<\/li>\n<\/ul>\n<p>&nbsp;<\/p>\n<p>[\/et_pb_text][\/et_pb_column][et_pb_column type=&#8220;1_2&#8243; _builder_version=&#8220;3.25&#8243; custom_padding=&#8220;|||&#8220; custom_padding__hover=&#8220;|||&#8220;][et_pb_image src=&#8220;https:\/\/hausundgruen.de\/neu\/wp-content\/uploads\/2020\/05\/AdobeStock_311137226.jpeg&#8220; force_fullwidth=&#8220;on&#8220; align_tablet=&#8220;center&#8220; align_phone=&#8220;&#8220; align_last_edited=&#8220;on|desktop&#8220; _builder_version=&#8220;4.4.5&#8243; custom_margin=&#8220;|||&#8220; custom_padding=&#8220;|||&#8220; animation_style=&#8220;slide&#8220; animation_direction=&#8220;top&#8220; animation_intensity_slide=&#8220;5%&#8220; border_radii=&#8220;|||25vw|25vw&#8220; border_color_all=&#8220;#68b42d&#8220; border_width_left=&#8220;2vw&#8220; border_color_left=&#8220;#37dfff&#8220; box_shadow_style=&#8220;preset4&#8243; box_shadow_horizontal=&#8220;-30px&#8220; box_shadow_vertical=&#8220;0px&#8220; box_shadow_color=&#8220;#68b42d&#8220;][\/et_pb_image][et_pb_image src=&#8220;https:\/\/hausundgruen.de\/neu\/wp-content\/uploads\/2020\/05\/AdobeStock_229414595.jpeg&#8220; title_text=&#8220;Close up of man hand with hedge trimmer cutting bushes.&#8220; align=&#8220;center&#8220; force_fullwidth=&#8220;on&#8220; align_tablet=&#8220;center&#8220; align_phone=&#8220;&#8220; align_last_edited=&#8220;on|desktop&#8220; _builder_version=&#8220;4.4.5&#8243; custom_margin=&#8220;|||&#8220; custom_padding=&#8220;|||&#8220; animation_style=&#8220;slide&#8220; animation_direction=&#8220;top&#8220; animation_intensity_slide=&#8220;5%&#8220; border_radii=&#8220;off|176px|146px|25vw|25vw&#8220; border_color_all=&#8220;#68b42d&#8220; border_width_left=&#8220;1vw&#8220; border_color_left=&#8220;#37dfff&#8220; locked=&#8220;off&#8220;][\/et_pb_image][\/et_pb_column][\/et_pb_row][et_pb_row _builder_version=&#8220;4.4.1&#8243;][et_pb_column type=&#8220;4_4&#8243; _builder_version=&#8220;4.4.1&#8243;][et_pb_text _builder_version=&#8220;4.4.1&#8243; text_font=&#8220;Montserrat|200|||||||&#8220;]<\/p>\n<h2 style=\"text-align: center;\"><strong>Biologische Unkrautbek\u00e4mpfung<\/strong><\/h2>\n<p>[\/et_pb_text][\/et_pb_column][\/et_pb_row][et_pb_row column_structure=&#8220;1_2,1_2&#8243; _builder_version=&#8220;4.4.1&#8243;][et_pb_column type=&#8220;1_2&#8243; _builder_version=&#8220;4.4.1&#8243;][et_pb_image src=&#8220;https:\/\/hausundgruen.de\/neu\/wp-content\/uploads\/2020\/03\/biologische_pflege2.jpg&#8220; force_fullwidth=&#8220;on&#8220; align_tablet=&#8220;center&#8220; align_phone=&#8220;&#8220; align_last_edited=&#8220;on|desktop&#8220; _builder_version=&#8220;4.4.1&#8243; custom_margin=&#8220;|||&#8220; custom_padding=&#8220;|||&#8220; animation_style=&#8220;slide&#8220; animation_direction=&#8220;top&#8220; animation_intensity_slide=&#8220;5%&#8220; border_radii=&#8220;|||25vw|25vw&#8220; border_color_all=&#8220;#68b42d&#8220; border_width_left=&#8220;2vw&#8220; border_color_left=&#8220;#37dfff&#8220; box_shadow_style=&#8220;preset4&#8243; box_shadow_horizontal=&#8220;-30px&#8220; box_shadow_vertical=&#8220;0px&#8220; box_shadow_color=&#8220;#68b42d&#8220; locked=&#8220;off&#8220;][\/et_pb_image][et_pb_image src=&#8220;https:\/\/hausundgruen.de\/neu\/wp-content\/uploads\/2020\/03\/biologische_pflege.jpg&#8220; force_fullwidth=&#8220;on&#8220; align_tablet=&#8220;center&#8220; align_phone=&#8220;&#8220; align_last_edited=&#8220;on|desktop&#8220; _builder_version=&#8220;4.4.1&#8243; custom_margin=&#8220;|||&#8220; custom_padding=&#8220;|||&#8220; animation_style=&#8220;slide&#8220; animation_direction=&#8220;top&#8220; animation_intensity_slide=&#8220;5%&#8220; border_radii=&#8220;off|25vw|0vw|25vw|25vw&#8220; border_color_all=&#8220;#68b42d&#8220; border_width_left=&#8220;2vw&#8220; border_color_left=&#8220;#37dfff&#8220; box_shadow_style=&#8220;preset4&#8243; box_shadow_horizontal=&#8220;-30px&#8220; box_shadow_vertical=&#8220;0px&#8220; box_shadow_color=&#8220;#68b42d&#8220; locked=&#8220;off&#8220;][\/et_pb_image][\/et_pb_column][et_pb_column type=&#8220;1_2&#8243; _builder_version=&#8220;4.4.1&#8243;][et_pb_text _builder_version=&#8220;4.4.1&#8243; text_font=&#8220;Montserrat|300|||||||&#8220; text_font_size=&#8220;16px&#8220;]Das Hei\u00dfwasser-\/\u00d6koschaum-Verfahren ist ein nassthermisches Verfahren zur Unkrautbeseitigung, das ohne erh\u00f6hten Wasserdruck arbeitet. Mit dem vollst\u00e4ndig biologisch abbaubaren \u00d6koschaum kann es auf befestigten und unbefestigten Fl\u00e4chen f\u00fcr schnelles und nachhaltiges Arbeiten eingesetzt werden.<\/p>\n<p>Das Verfahren ist f\u00fcr befestige Freifl\u00e4chen ebenso geeignet wie f\u00fcr lose Bel\u00e4ge, Kiesbetten, Sandwege und die Pflege empfindlicher Denkm\u00e4ler.<br \/>\nNachhaltigkeit und Kosteneffizienz des Hei\u00dfwasser-\/\u00d6koschaum-System sind durch mehrj\u00e4hrige, unabh\u00e4ngige Studien best\u00e4tigt worden<\/p>\n<ul>\n<li>Giftfreies und genehmigungsfreies Verfahren<\/li>\n<li>Auch als reines Hei\u00dfwasser-Reinigungsger\u00e4t ohne Schaum einsetzbar<\/li>\n<li>Anwendbar auf fast allen befestigten und unbefestigten Fl\u00e4chen<\/li>\n<li>Oberfl\u00e4chenschonend (kein erh\u00f6hter Wasserdruck)<\/li>\n<li>Wirksame und risikolose Bek\u00e4mpfung von giftigen Problemflanzen wie der Herkulesstaude (B\u00e4renklau)<\/li>\n<\/ul>\n<p>Dabei wird fast siedend hei\u00dfes Wasser (mit mehr als 95 \u00b0C) ohne Druck auf die zu behandelnden Fl\u00e4chen aufgebracht.<\/p>\n<p><strong>Der Effekt: <\/strong><\/p>\n<p>Das Eiwei\u00df im Vegetationspunkt gerinnt, die Pflanzen sterben ab. Im selben Arbeitsgang kann der \u00d6koschaum dazugeschaltet werden. Der im selben Arbeitsgang hei\u00df ausgebrachte Schaumteppich verlangsamt das Abk\u00fchlen des Wassers, so dass die Hitze l\u00e4nger und damit intensiver an der Pflanze wirkt.<\/p>\n<p>Umliegende Unkrautsamen werden mit erfasst. Der ausgebrachte Schaum l\u00f6st sich nach kurzer Zeit v\u00f6llig r\u00fcckstandsfrei auf.[\/et_pb_text][\/et_pb_column][\/et_pb_row][\/et_pb_section][et_pb_section fb_built=&#8220;1&#8243; admin_label=&#8220;Financing&#8220; _builder_version=&#8220;4.4.5&#8243; background_image=&#8220;https:\/\/hausundgruen.de\/neu\/wp-content\/uploads\/2020\/02\/AdobeStock_285634141-scaled.jpeg&#8220; custom_padding=&#8220;250px||0px||false|false&#8220; top_divider_style=&#8220;arrow3&#8243; top_divider_color=&#8220;#ffffff&#8220; top_divider_height_tablet=&#8220;&#8220; top_divider_height_phone=&#8220;50px&#8220; top_divider_height_last_edited=&#8220;on|phone&#8220;][et_pb_row module_class=&#8220; et_pb_row_fullwidth&#8220; _builder_version=&#8220;3.25&#8243; width=&#8220;89%&#8220; width_tablet=&#8220;80%&#8220; width_phone=&#8220;&#8220; width_last_edited=&#8220;on|desktop&#8220; max_width=&#8220;89%&#8220; max_width_tablet=&#8220;80%&#8220; max_width_phone=&#8220;&#8220; max_width_last_edited=&#8220;on|desktop&#8220; custom_margin=&#8220;|||&#8220; custom_padding=&#8220;0|0px|0px|0px|false|false&#8220; make_fullwidth=&#8220;on&#8220;][et_pb_column type=&#8220;4_4&#8243; _builder_version=&#8220;3.25&#8243; custom_padding=&#8220;|||&#8220; custom_padding__hover=&#8220;|||&#8220;][et_pb_text _builder_version=&#8220;4.4.5&#8243; text_font=&#8220;||||||||&#8220; header_font=&#8220;||||||||&#8220; header_line_height=&#8220;0.7em&#8220; header_2_font=&#8220;Teko|500||on|||||&#8220; header_2_text_color=&#8220;#ffffff&#8220; header_2_font_size=&#8220;9vw&#8220; header_2_line_height=&#8220;1.2em&#8220; text_orientation=&#8220;center&#8220; animation_style=&#8220;zoom&#8220; animation_delay=&#8220;100ms&#8220; animation_intensity_zoom=&#8220;20%&#8220; header_line_height_tablet=&#8220;&#8220; header_line_height_phone=&#8220;1.2em&#8220; header_line_height_last_edited=&#8220;on|phone&#8220;][\/et_pb_text][\/et_pb_column][\/et_pb_row][\/et_pb_section]<\/p>\n","protected":false},"excerpt":{"rendered":"<p>GartenpflegeWir sind der Profi, wenn es um Ihren Garten, ihre Gr\u00fcnfl\u00e4che oder Ihren Park geht. Wir sind das Dienstleistungsunternehmen im Bereich: Garten-\u00a0und\u00a0Landschaftsbau. Baumpflege und Schnitt Bepflanzungen Bew\u00e4sserung Entfernung von Wurzelst\u00fcmpfen, auch in kleinen G\u00e4rten F\u00e4ll- und Rodungsarbeiten, auch Gefahrenf\u00e4llungen! Heckenschnitt Mulchen von Rabatten Naturstein Arbeiten Neuanlagen Obstbaumschnitt Rasenpflege Umgestaltung und Pflege von Anlagen Wege und [&hellip;]<\/p>\n","protected":false},"author":1,"featured_media":0,"parent":0,"menu_order":0,"comment_status":"closed","ping_status":"closed","template":"","meta":{"_et_pb_use_builder":"on","_et_pb_old_content":"","_et_gb_content_width":"","footnotes":""},"class_list":["post-336","page","type-page","status-publish","hentry"],"_links":{"self":[{"href":"https:\/\/hausundgruen.de\/neu\/wp-json\/wp\/v2\/pages\/336","targetHints":{"allow":["GET"]}}],"collection":[{"href":"https:\/\/hausundgruen.de\/neu\/wp-json\/wp\/v2\/pages"}],"about":[{"href":"https:\/\/hausundgruen.de\/neu\/wp-json\/wp\/v2\/types\/page"}],"author":[{"embeddable":true,"href":"https:\/\/hausundgruen.de\/neu\/wp-json\/wp\/v2\/users\/1"}],"replies":[{"embeddable":true,"href":"https:\/\/hausundgruen.de\/neu\/wp-json\/wp\/v2\/comments?post=336"}],"version-history":[{"count":10,"href":"https:\/\/hausundgruen.de\/neu\/wp-json\/wp\/v2\/pages\/336\/revisions"}],"predecessor-version":[{"id":559,"href":"https:\/\/hausundgruen.de\/neu\/wp-json\/wp\/v2\/pages\/336\/revisions\/559"}],"wp:attachment":[{"href":"https:\/\/hausundgruen.de\/neu\/wp-json\/wp\/v2\/media?parent=336"}],"curies":[{"name":"wp","href":"https:\/\/api.w.org\/{rel}","templated":true}]}}